ded by q.
13
Suppose 207*b - 197*b = 5620. Calculate the remainder when b is divided by 8.
2
Let t = -130 - -133. Let m(r) = 11*r + 37 - 40*r + t*r. What is the remainder when m(-5) is divided by 56?
55
Let i be (-90 - -89)*8*-1. Let f(a) = 2*a**2 + 7*a - 30. Calculate the remainder when f(i) is divided by 32.
26
Suppose -423*p + 427*p - 868 = 0. What is the remainder when p is divided by 82?
53
Let d(c) = c**2 - 5*c + 6. Let h = -10 + 10. Let s be d(h). Suppose -4*i - 60 = -s*i. Calculate the remainder when 118 is divided by i.
28
Suppose -9*d + 28 = -7*d. Suppose 3*j + d*j - 969 = 0. Calculate the remainder when j is divided by 10.
7
Suppose -2025 = -111*h + 36*h. Calculate the remainder when 817 is divided by h.
7
Suppose -5*m - 3*s = -9*m + 93, -3*s = 4*m - 75. Suppose 0 = -m*d + 118 + 134. What is the remainder when 94 is divided by d?
10
What is the remainder when 3809 is divided by (-84)/308 + 1026*1/11?
89
Let y = -12854 + 13165. Calculate the remainder when y is divided by 106.
99
Suppose 2*w + 37 = 95. Let q(f) = -14*f + 15. Suppose 4*v - 2 - 16 = 2*t, t = -2*v - 1. Calculate the remainder when q(t) is divided by w.
27
Let y(f) = -16*f**2 - 228*f - 18. What is the remainder when y(-12) is divided by 48?
30
Let p = -12187 + 27704. What is the remainder when p is divided by 16?
13
Let x(r) = 10*r**3 - 3*r**2 + 12*r - 18. Let j be x(3). Let h be 10/2*28*3. Let y = h - j. What is the remainder when y is divided by 32?
31
Suppose 2*z = -4*y - 2, z - 5 + 9 = -5*y. Let j(r) = 95*r**3 + r**2 + 4*r - 4. What is the remainder when j(z) is divided by 31?
3
Let s(x) = -36*x - 14. Suppose 4*p + 2*g = -4, -2*p + 7*p + 3*g + 5 = 0. Calculate the remainder when 87 is divided by s(p).
21
Suppose 5*x = 3*k + 488 + 285, 2*x - 278 = -4*k. What is the remainder when 1813 is divided by x?
1
What is the remainder when 4890/(-135)*-27 + (-8)/2 is divided by 75?
74
Let d be 3/((-35)/(-10) + -2). Let o be d + 31 + 3/(-3). Suppose 4*t - o = -0. What is the remainder when 13 is divided by t?
5
Let p(t) be the first derivative of -3/2*t**2 + 5 + 6*t. What is the remainder when 70 is divided by p(-4)?
16
Suppose -z + 1083 = -u, 5*z - 4*z = 4*u + 1062. What is the remainder when z is divided by 137?
131
Let b(a) = -12*a - 149. Let j be b(-23). Let n = 142 - j. What is the remainder when 70 is divided by n?
10
Let h = 23 - 17. What is the remainder when h/(-8)*-1 - 126/(-24) is divided by 4?
2
Calculate the remainder when 464 is divided by (-12)/((-16)/(-16 + 32)).
8
Let v = -8127 - -8489. Let d(h) = -4*h**3 + h**2 + 2*h + 1. Calculate the remainder when v is divided by d(-2).
32
Let s(b) = 10*b + 23. Let x(w) = -w**3 - 2*w**2 - 6*w - 4. Let q be x(-1). What is the remainder when s(q) is divided by 17?
16
Suppose 46 = 2*r - 22. Suppose -22 = 20*i - 122. Suppose 5*p - 86 = -u, -i*u + 502 = 3*p - 2*p. Calculate the remainder when u is divided by r.
33
Suppose 0 = -m + 3*u + 180, 2*m - 5*u - 286 - 79 = 0. Calculate the remainder when 1168 is divided by m.
193
Suppose 525*s + 5*i = 529*s - 128, -4*s + 144 = -i. Calculate the remainder when 473 is divided by s.
29
Suppose -6*y - l = -2*y - 91, -l + 22 = y. Suppose 103 = 7*s - y. What is the remainder when s is divided by 0 - 24/(-4 + 1)?
2
Let q be 14/(-35) + 33/(-5). Let f be (-1152)/45 - 4/10. Let l = q - f. What is the remainder when 74 is divided by l?
17
Suppose -5*n = -v + 3, -2*v + 4*n + 0 = -12. Suppose -5*m - 25 = 0, -5*b + 4*m + 58 = -2. Suppose 2*t + 228 = b*t. What is the remainder when t is divided by v?
6
Suppose 218*l = 215*l - 15, 0 = -2*m - 5*l + 365. Calculate the remainder when m is divided by 40.
35
Let w(i) = 18*i**2 + i - 7. Suppose -3*z + 5*d - 9 = -6*z, z = -5*d + 3. What is the remainder when w(z) is divided by 27?
23
Let j = 204 + -97. What is the remainder when (-23 + j)*22/8 is divided by 39?
36
Suppose 0 = 453*x - 431*x - 748. Calculate the remainder when 1034 is divided by x.
14
Let n be 986/(-18) + 36/(-162). Let p = n - -63. Calculate the remainder when 39 is divided by p.
7
Let z(q) = -23*q**3 + 43*q**2 + 83*q. Calculate the remainder when 376 is divided by z(-2).
186
Suppose 0 = -71*v + 78*v - 5*o - 2056, v - 329 = -2*o. Let r(w) = 2*w**2 + 2*w - 4. What is the remainder when v is divided by r(-3)?
7
Suppose -4*a - 2*d = -18, 2 = 3*a + 3*d - 10. Suppose 0 = -9*q - a*q + 378. Let x = -1 - -6. Calculate the remainder when q is divided by x.
2
Let u = 20564 - 17577. Calculate the remainder when u is divided by 176.
171
Let z(o) = -2*o**3 - 36*o**2 + 26*o + 1079. What is the remainder when z(-18) is divided by 54?
17
Let u(h) = -5*h**3 - 39*h**2 + 11*h - 8. Let k(d) = -2*d**3 - 20*d**2 + 5*d - 5. Let l(f) = -5*k(f) + 3*u(f). What is the remainder when 18 is divided by l(-4)?
1
Suppose -b = -3*k + 6216, -2*k + 3*b - 8288 = -6*k. Suppose -30*p + 16*p + k = 0. Calculate the remainder when p is divided by 27.
13
Suppose 58*r + 23 = 62*r + 3*o, -o = -5. Calculate the remainder when 143 is divided by r.
1
Suppose 7*h = 2*h - 5*t - 60, 5*t = 5. Let c = 40 + h. Suppose u - 4*v + 471 = 4*u, -u + 146 = 5*v. What is the remainder when u is divided by c?
26
Suppose -32 = -3*l - l. Suppose -3*p + k + 39 = 0, 3*p + 6*k - 39 = 10*k. Calculate the remainder when p is divided by l.
5
Suppose 4*o - 4*a - 710 = -274, -4*o + 441 = -5*a. Calculate the remainder when 1557 is divided by o.
101
Let v(m) = 2*m**2 - 10*m - 12. Let f be v(6). Suppose f = -2*b + 7*b - 25. Suppose -4*s + 171 = b*s. What is the remainder when s is divided by 11?
8
Let u(r) = -r**3 + 14*r**2 - 21*r - 14. Let j be u(12). Let f(m) = 17*m - 30. Calculate the remainder when f(j) is divided by 69.
68
Suppose 31*h + 26*h + 400 = 62*h. What is the remainder when h is divided by 29?
22
Let l = 44 - 41. Suppose -l*c - 54 = 12. Let v = -11 - c. Calculate the remainder when 26 is divided by v.
4
Suppose 9*l - 5*l - 16 = 0. Suppose 0 = l*o + 37 - 105. Let z = -55 - -103. What is the remainder when z is divided by o?
14
Suppose -z - 2*p + 29 = 0, 5*z - 24 = -5*p + 146. Let x(b) = 10 - z + 8*b + 4*b. Calculate the remainder when x(10) is divided by 47.
44
Let w(h) = 11*h**2 + 1. Let g(f) = -2*f**2 - 16*f + 2. Let o be g(-8). Let j be (o*1)/(-6) + (-38)/57. Calculate the remainder when 46 is divided by w(j).
10
Let s(d) = 1478*d**2 + 36*d + 5. What is the remainder when s(-3) is divided by 24?
23
Suppose -5*f + 4*r = -2*f + 13, -f + 1 = 4*r. Calculate the remainder when 117 is divided by ((-82)/6*f)/(2 + -1).
35
Calculate the remainder when 1467 is divided by (3068/767)/((-2)/(-103)).
25
Suppose 33*v = 35*v - 6, 0 = -2*m + 2*v + 14. What is the remainder when 459 is divided by m?
9
What is the remainder when (15/((-150)/76) - -8)/(1/3445) is divided by 63?
55
Calculate the remainder when 288 is divided by (600/(-210))/((-1)/14).
8
Suppose -2*s + 14 = k + 3*s, 2*k = -4*s + 28. Suppose 4*w + 15 = 255. Suppose -4*i + w = -160. What is the remainder when i is divided by k?
13
Suppose 490 = 4*x - 106. Let d = 173 - x. What is the remainder when 47 is divided by d?
23
Suppose -67*r + 475 = -1669. What is the remainder when 374 is divided by r?
22
Suppose 6*l - 2*l = -3*y + 12, y - 8 = -2*l. Let i be 24/l*(0 + (1 - 2)). What is the remainder when (6216/(-15))/i + (-21)/35 is divided by 26?
25
Suppose 3*t = -5*p + 217, -t - 3*p = t - 143. What is the remainder when t is divided by 10 + -2 - 18/(-2)?
13
Let a = -25 - -39. Suppose 0 = 1617*d - 1125*d - 108732. What is the remainder when d is divided by a?
11
Suppose 4*q - 575 = 25. Let v(t) = t**2 - 97*t - 12883. Calculate the remainder when q is divided by v(172).
14
Let z be (-8)/(-36) + (-715)/99. Let x(h) = -2*h**2 - 12*h + 27. What is the remainder when 14 is divided by x(z)?
1
Suppose -3*d + 304 = 2*g, 0*d - d + 5*g = -73. Let t(s) = -28*s - 247. Let q be t(19). Let m = q - -799. What is the remainder when d is divided by m?
18
Let v = 409 + -405. Suppose 3*d - 4*z - z = 82, 5*z - 156 = -v*d. Calculate the remainder when 77 is divided by d.
9
Suppose 0 = 5*s - 4*f - 37, f - 13 = 4*s - 47. Suppose 65 = 3*x - 5*w, s*w - 7*w - 70 = -2*x. What is the remainder when 136 is divided by x?
16
Suppose -4*i = -x - 0*x - 936, 4*i = -x + 928. Calculate the remainder when i is divided by (-13)/(-65) + (-119)/(-5).